-- phpMyAdmin SQL Dump
-- version 5.1.1
-- https://www.phpmyadmin.net/
--
-- Servidor: 127.0.0.1
-- Tiempo de generación: 06-05-2022 a las 05:22:39
-- Versión del servidor: 10.4.22-MariaDB
-- Versión de PHP: 7.3.33

SET SQL_MODE = "NO_AUTO_VALUE_ON_ZERO";
START TRANSACTION;
SET time_zone = "+00:00";


/*!40101 SET @OLD_CHARACTER_SET_CLIENT=@@CHARACTER_SET_CLIENT */;
/*!40101 SET @OLD_CHARACTER_SET_RESULTS=@@CHARACTER_SET_RESULTS */;
/*!40101 SET @OLD_COLLATION_CONNECTION=@@COLLATION_CONNECTION */;
/*!40101 SET NAMES utf8mb4 */;

--
-- Base de datos: `exament`
--

-- --------------------------------------------------------

--
-- Estructura de tabla para la tabla `animales`
--

CREATE TABLE `animales` (
  `id` int(11) NOT NULL,
  `nombre` varchar(45) NOT NULL,
  `raza` int(11) NOT NULL,
  `pelo` int(11) NOT NULL,
  `color_pelo` text NOT NULL
) ENGINE=InnoDB DEFAULT CHARSET=utf8mb4;

--
-- Volcado de datos para la tabla `animales`
--

INSERT INTO `animales` (`id`, `nombre`, `raza`, `pelo`, `color_pelo`) VALUES
(1, 'Anacleto', 1, 1, 'Marrón'),
(2, 'Ofelia', 2, 4, 'Blanco'),
(3, 'Filemon', 3, 3, 'Negro'),
(4, 'Mortadelo', 4, 2, 'Añil'),
(5, 'Super', 5, 1, 'Trigo'),
(6, 'Zipi', 6, 2, 'Manchas azules'),
(7, 'Zape', 7, 1, 'Trigo'),
(8, 'Don Pantuflo', 3, 4, 'Manchas azules'),
(9, 'Carpanta', 2, 2, 'MElaza'),
(10, 'Sacarino', 5, 3, 'Negro'),
(11, 'Ibañez', 2, 1, 'MElaza'),
(12, 'Don Pardino', 5, 4, 'Blanco');

-- --------------------------------------------------------

--
-- Estructura de tabla para la tabla `pelos`
--

CREATE TABLE `pelos` (
  `id` int(11) NOT NULL,
  `estilo` varchar(11) NOT NULL
) ENGINE=InnoDB DEFAULT CHARSET=utf8mb4;

--
-- Volcado de datos para la tabla `pelos`
--

INSERT INTO `pelos` (`id`, `estilo`) VALUES
(1, 'Rizado'),
(2, 'Corto'),
(3, 'Duro'),
(4, 'Punzante');

-- --------------------------------------------------------

--
-- Estructura de tabla para la tabla `razas`
--

CREATE TABLE `razas` (
  `id` int(11) NOT NULL,
  `deno` varchar(20) NOT NULL,
  `peso_medio` int(11) NOT NULL
) ENGINE=InnoDB DEFAULT CHARSET=utf8mb4;

--
-- Volcado de datos para la tabla `razas`
--

INSERT INTO `razas` (`id`, `deno`, `peso_medio`) VALUES
(1, 'Pastor Belga', 23),
(2, 'Pastor Alemán', 25),
(3, 'Pastor Palentino', 45),
(4, 'Galgo', 15),
(5, 'Pequines', 4),
(6, 'Malamuta', 15),
(7, 'Bulldog Inglés', 18),
(8, 'Bulldog Francés', 11);

--
-- Índices para tablas volcadas
--

--
-- Indices de la tabla `animales`
--
ALTER TABLE `animales`
  ADD PRIMARY KEY (`id`),
  ADD KEY `raza` (`raza`),
  ADD KEY `pelo` (`pelo`);

--
-- Indices de la tabla `pelos`
--
ALTER TABLE `pelos`
  ADD PRIMARY KEY (`id`);

--
-- Indices de la tabla `razas`
--
ALTER TABLE `razas`
  ADD PRIMARY KEY (`id`);

--
-- AUTO_INCREMENT de las tablas volcadas
--

--
-- AUTO_INCREMENT de la tabla `animales`
--
ALTER TABLE `animales`
  MODIFY `id` int(11) NOT NULL AUTO_INCREMENT, AUTO_INCREMENT=13;

--
-- AUTO_INCREMENT de la tabla `pelos`
--
ALTER TABLE `pelos`
  MODIFY `id` int(11) NOT NULL AUTO_INCREMENT, AUTO_INCREMENT=5;

--
-- AUTO_INCREMENT de la tabla `razas`
--
ALTER TABLE `razas`
  MODIFY `id` int(11) NOT NULL AUTO_INCREMENT, AUTO_INCREMENT=114;

--
-- Restricciones para tablas volcadas
--

--
-- Filtros para la tabla `animales`
--
ALTER TABLE `animales`
  ADD CONSTRAINT `animales_ibfk_1` FOREIGN KEY (`raza`) REFERENCES `razas` (`id`),
  ADD CONSTRAINT `animales_ibfk_2` FOREIGN KEY (`pelo`) REFERENCES `pelos` (`id`);
COMMIT;

/*!40101 SET CHARACTER_SET_CLIENT=@OLD_CHARACTER_SET_CLIENT */;
/*!40101 SET CHARACTER_SET_RESULTS=@OLD_CHARACTER_SET_RESULTS */;
/*!40101 SET COLLATION_CONNECTION=@OLD_COLLATION_CONNECTION */;
