-- phpMyAdmin SQL Dump
-- version 5.1.1
-- https://www.phpmyadmin.net/
--
-- Servidor: 127.0.0.1
-- Tiempo de generación: 06-05-2022 a las 05:27:00
-- Versión del servidor: 10.4.22-MariaDB
-- Versión de PHP: 7.3.33

SET SQL_MODE = "NO_AUTO_VALUE_ON_ZERO";
START TRANSACTION;
SET time_zone = "+00:00";


/*!40101 SET @OLD_CHARACTER_SET_CLIENT=@@CHARACTER_SET_CLIENT */;
/*!40101 SET @OLD_CHARACTER_SET_RESULTS=@@CHARACTER_SET_RESULTS */;
/*!40101 SET @OLD_COLLATION_CONNECTION=@@COLLATION_CONNECTION */;
/*!40101 SET NAMES utf8mb4 */;

--
-- Base de datos: `examen`
--

-- --------------------------------------------------------

--
-- Estructura de tabla para la tabla `dudas`
--

CREATE TABLE `dudas` (
  `id` int(11) NOT NULL,
  `descrip` varchar(100) NOT NULL,
  `tema` int(11) NOT NULL,
  `dni` varchar(9) NOT NULL,
  `Respuesta` text NOT NULL
) ENGINE=InnoDB DEFAULT CHARSET=utf8mb4;

--
-- Volcado de datos para la tabla `dudas`
--

INSERT INTO `dudas` (`id`, `descrip`, `tema`, `dni`, `Respuesta`) VALUES
(1, '¿Sirve para algo el PHP?', 1, '12341223K', 'Por supuesto'),
(2, '¿Si cruzo y descruzo todo queda igual?¿', 2, '10203221B', ''),
(3, '¿Que ocurre con los cables RJ46?, ¿Son discriminados?', 3, '33333221f', 'Probablemente'),
(4, '¿A que hora se toma el café en inglaterra?', 4, '87633221k', ''),
(5, 'Si una BBDD no se relaciona con otra, ¿Sigue siendo relacional?', 2, '33333221f', ''),
(6, '¿Cuantos niveles tienen habitualmente XAMMP?', 1, '12333221k', 'Según lo que entiendas por nivel'),
(7, '¿Inner join or Not Inner join? That\'s the seleccion', 2, '33333221f', 'Maybe ....'),
(8, '¿Alguien sale esta noche?', 4, '12333221k', ''),
(9, '¿Qué es un ERP?', 1, '33333221f', ''),
(10, '¿Encoge la fibra óptica?, al fin y al cabo es fibra...\r\n', 3, '12333221k', 'Depende de la temperatura de la lavadora');

-- --------------------------------------------------------

--
-- Estructura de tabla para la tabla `temas`
--

CREATE TABLE `temas` (
  `id` int(11) NOT NULL,
  `descrip` varchar(15) NOT NULL
) ENGINE=InnoDB DEFAULT CHARSET=utf8mb4;

--
-- Volcado de datos para la tabla `temas`
--

INSERT INTO `temas` (`id`, `descrip`) VALUES
(1, 'IAW'),
(2, 'BBDD'),
(3, 'REDES'),
(4, 'OTROS');

-- --------------------------------------------------------

--
-- Estructura de tabla para la tabla `usuarios`
--

CREATE TABLE `usuarios` (
  `dni` varchar(9) NOT NULL,
  `edad` int(11) NOT NULL,
  `nombre` varchar(35) NOT NULL,
  `apell` varchar(50) NOT NULL
) ENGINE=InnoDB DEFAULT CHARSET=utf8mb4;

--
-- Volcado de datos para la tabla `usuarios`
--

INSERT INTO `usuarios` (`dni`, `edad`, `nombre`, `apell`) VALUES
('10203221B', 24, 'Silvia', 'Alonso'),
('12333221k', 16, 'Ricardo Magno', ''),
('12341223K', 20, 'Esperanza', 'Nunca se pierde'),
('22598554L', 17, 'Estipendio', 'Tormentosus'),
('33333221f', 16, 'Felipe ', 'Segundo'),
('56930215J', 30, 'Patricio', 'Romano'),
('87633221k', 14, 'Maria', 'Esperanza');

--
-- Índices para tablas volcadas
--

--
-- Indices de la tabla `dudas`
--
ALTER TABLE `dudas`
  ADD PRIMARY KEY (`id`),
  ADD KEY `tema` (`tema`);

--
-- Indices de la tabla `temas`
--
ALTER TABLE `temas`
  ADD PRIMARY KEY (`id`);

--
-- Indices de la tabla `usuarios`
--
ALTER TABLE `usuarios`
  ADD PRIMARY KEY (`dni`);

--
-- AUTO_INCREMENT de las tablas volcadas
--

--
-- AUTO_INCREMENT de la tabla `dudas`
--
ALTER TABLE `dudas`
  MODIFY `id` int(11) NOT NULL AUTO_INCREMENT, AUTO_INCREMENT=11;

--
-- AUTO_INCREMENT de la tabla `temas`
--
ALTER TABLE `temas`
  MODIFY `id` int(11) NOT NULL AUTO_INCREMENT, AUTO_INCREMENT=5;

--
-- Restricciones para tablas volcadas
--

--
-- Filtros para la tabla `dudas`
--
ALTER TABLE `dudas`
  ADD CONSTRAINT `dudas_ibfk_1` FOREIGN KEY (`tema`) REFERENCES `temas` (`id`),
  ADD CONSTRAINT `dudas_ibfk_2` FOREIGN KEY (`tema`) REFERENCES `temas` (`id`);
COMMIT;

/*!40101 SET CHARACTER_SET_CLIENT=@OLD_CHARACTER_SET_CLIENT */;
/*!40101 SET CHARACTER_SET_RESULTS=@OLD_CHARACTER_SET_RESULTS */;
/*!40101 SET COLLATION_CONNECTION=@OLD_COLLATION_CONNECTION */;
